87703
What are the prime factors of 202504820?
2, 5, 7, 67, 21589
What are the prime factors of 2231775755?
5, 11, 41, 977, 1013
List the prime factors of 1309383336.
2, 3, 139, 389, 1009
List the prime factors of 57845081.
7, 8263583
What are the prime factors of 3132640730?
2, 5, 43, 233, 31267
What are the prime factors of 20970974?
2, 499, 21013
What are the prime factors of 473449589?
131, 883, 4093
List the prime factors of 369532032.
2, 3, 151, 6373
List the prime factors of 1657359281.
137, 523, 23131
What are the prime factors of 111854411?
6737, 16603
What are the prime factors of 1243892101?
1243892101
What are the prime factors of 4784601089?
757, 6320477
What are the prime factors of 51949901?
51949901
What are the prime factors of 226418115?
3, 5, 7, 11, 196033
What are the prime factors of 318113259?
3, 106037753
List the prime factors of 2889342097.
30097, 96001
What are the prime factors of 90926186?
2, 13, 3497161
What are the prime factors of 162993536?
2, 31, 41077
List the prime factors of 400792371.
3, 7, 3253, 5867
List the prime factors of 19515827.
67, 163, 1787
List the prime factors of 50224803.
3, 73, 79, 2903
List the prime factors of 447405439.
13, 17, 487, 4157
What are the prime factors of 53347903?
7, 1979, 3851
What are the prime factors of 42099044?
2, 13, 37, 21881
List the prime factors of 682119140.
2, 5, 89, 163, 2351
List the prime factors of 96299941.
9431, 10211
What are the prime factors of 36914583?
3, 31, 396931
List the prime factors of 5063073.
3, 811, 2081
What are the prime factors of 125883705?
3, 5, 1307, 6421
What are the prime factors of 172365891?
3, 19, 3023963
What are the prime factors of 1168632369?
3, 23, 283, 19949
What are the prime factors of 132187739?
23, 113, 181, 281
List the prime factors of 18071507.
83, 239, 911
What are the prime factors of 73244690?
2, 5, 7324469
What are the prime factors of 90949?
103, 883
What are the prime factors of 29217937?
7, 491, 8501
What are the prime factors of 143656654?
2, 727, 98801
What are the prime factors of 1166075288?
2, 7, 17, 1224869
What are the prime factors of 51234277?
17, 47, 64123
What are the prime factors of 137916423?
3, 719, 21313
What are the prime factors of 61650655?
5, 11, 719, 1559
What are the prime factors of 134290190?
2, 5, 191, 70309
What are the prime factors of 141904761?
3, 47301587
What are the prime factors of 2739131443?
17, 257, 626947
What are the prime factors of 46454525?
5, 13, 19, 7523
What are the prime factors of 3895998525?
3, 5, 17315549
List the prime factors of 369428155.
5, 73885631
List the prime factors of 667275377.
1877, 355501
What are the prime factors of 441270531?
3, 13, 347, 3623
List the prime factors of 4328350228.
2, 239, 4527563
What are the prime factors of 49004930?
2, 5, 13, 107, 271
What are the prime factors of 4477754815?
5, 895550963
What are the prime factors of 651436747?
13, 50110519
What are the prime factors of 2789710244?
2, 19751, 35311
List the prime factors of 54524359.
54524359
What are the prime factors of 864018654?
2, 3, 19, 7579111
What are the prime factors of 262592252?
2, 13, 281, 17971
What are the prime factors of 6425712757?
5413, 1187089
What are the prime factors of 155696110?
2, 5, 15569611
What are the prime factors of 7270917980?
2, 5, 3643, 99793
What are the prime factors of 236862433?
236862433
List the prime factors of 674406636.
2, 3, 421, 133493
What are the prime factors of 1021662573?
3, 1277, 266683
List the prime factors of 8993882.
2, 4496941
What are the prime factors of 1645465468?
2, 269, 1529243
List the prime factors of 15266349.
3, 7, 71, 3413
What are the prime factors of 4801745?
5, 13, 31, 2383
What are the prime factors of 16921136?
2, 37, 101, 283
List the prime factors of 1599946953.
3, 11, 23, 2107967
What are the prime factors of 64176925?
5, 1223, 2099
List the prime factors of 293598017.
293598017
List the prime factors of 138911299.
19, 7311121
What are the prime factors of 169734348?
2, 3, 7, 673549
What are the prime factors of 1076116258?
2, 7, 41, 1874767
What are the prime factors of 1293611211?
3, 11299, 12721
What are the prime factors of 448540047?
3, 463, 107641
What are the prime factors of 288814094?
2, 144407047
List the prime factors of 6500213902.
2, 7, 13, 35715461
What are the prime factors of 296870747?
296870747
What are the prime factors of 1075810978?
2, 11, 2207, 22157
What are the prime factors of 662397648?
2, 3, 11, 1254541
What are the prime factors of 338835304?
2, 29, 1460497
List the prime factors of 925840915.
5, 185168183
List the prime factors of 222686860.
2, 5, 11, 1012213
What are the prime factors of 180407553?
3, 17, 317, 11159
What are the prime factors of 927716200?
2, 5, 379, 12239
What are the prime factors of 545016299?
545016299
What are the prime factors of 4174331004?
2, 3, 38651213
List the prime factors of 26739359.
571, 46829
What are the prime factors of 432675938?
2, 216337969
List the prime factors of 125877347.
2663, 47269
List the prime factors of 199056110.
2, 5, 11, 1809601
List the prime factors of 1861883756.
2, 47, 151, 65587
What are the prime factors of 59646501?
3, 79, 83891
List the prime factors of 117642248.
2, 191, 76991
What are the prime factors of 1540514123?
199, 7741277
List the prime factors of 231715846.
2, 23, 41, 122861
What are the prime factors of 134108808?
2, 3, 67, 83401
List the prime factors of 184533094.
2, 23, 311, 12899
What are the prime factors of 37927719?
3, 4214191
What are the prime factors of 163256323?
23, 31, 401, 571
List the prime factors of 4333063420.
2, 5, 7, 29, 131, 8147
List the prime factors of 103221487.
269, 383723
List the prime factors of 729915403.
7, 104273629
List the prime factors of 6639567087.
3, 79, 28015051
What are the prime factors of 26959653?
3, 7, 113, 541
What are the prime factors of 24621267?
3, 11, 746099
What are the prime factors of 341228618?
2, 3739, 45631
What are the prime factors of 109974987?
3, 12219443
What are the prime factors of 41499143?
7, 191, 31039
What are the prime factors of 5953203298?
2, 7, 23, 107, 172787
What are the prime factors of 2054335773?
3, 7, 97825513
What are the prime factors of 396780738?
2, 3, 6569, 10067
What are the prime factors of 1973087727?
3, 13, 73, 693041
List the prime factors of 371977246.
2, 31, 5999633
List the prime factors of 2721806067.
3, 907268689
List the prime factors of 205320363.
3, 37, 1849733
What are the prime factors of 45989585?
5, 31, 269, 1103
List the prime factors of 2882595.
3, 5, 192173
List the prime factors of 308801432.
2, 38600179
What are the prime factors of 543914981?
29, 18755689
What are the prime factors of 137379697?
7, 13, 1039, 1453
What are the prime factors of 4059169?
4059169
List the prime factors of 43359234.
2, 3, 29, 211, 1181
List the prime factors of 73449180.
2, 3, 5, 7, 17, 127
What are the prime factors of 725148137?
7, 103592591
List the prime factors of 53816678.
2, 67, 269, 1493
List the prime factors of 1384661330.
2, 5, 13, 677, 15733
List the prime factors of 1144209919.
41, 43, 241, 2693
What are the prime factors of 208344456?
2, 3, 827, 3499
List the prime factors of 917512473.
3, 41, 7459451
What are the prime factors of 1293480708?
2, 3, 13, 19, 33569
List the prime factors of 126046329.
3, 42015443
What are the prime factors of 3608465?
5, 7, 103099
What are the prime factors of 7918950?
2, 3, 5, 13, 31, 131
What are the prime factors of 334965727?
334965727
What are the prime factors of 824864322?
2, 3, 41, 3353107
What are the prime factors of 961252323?
3, 6673, 48017
List the prime factors of 569872601.
109, 5228189
What are the prime factors of 6925183932?
2, 3, 577098661
List the prime factors of 33123011.
3023, 10957
What are the prime factors of 1302514929?
3, 139, 367, 2837
List the prime factors of 142584512.
2, 7, 19, 2393
What are the prime factors of 47034122?
2, 47, 500363
What are the prime factors of 58190013?
3, 7, 149, 6199
List the prime factors of 686978884.
2, 47, 3654143
What are the prime factors of 943975602?
2, 3, 1787, 29347
List the prime factors of 231624065.
5, 17, 2724989
What are the prime factors of 548720813?
601, 913013
List the prime factors of 1578774223.
13, 